{"id":858,"date":"2020-07-21T21:45:05","date_gmt":"2020-07-22T03:45:05","guid":{"rendered":"https:\/\/medicinasupplies.com\/?post_type=product&#038;p=858"},"modified":"2024-02-11T14:40:46","modified_gmt":"2024-02-11T20:40:46","slug":"oximetro-finger-tip-ulaif-purple","status":"publish","type":"product","link":"https:\/\/medicinasupplies.com\/index.php\/producto\/oximetro-finger-tip-ulaif-purple\/","title":{"rendered":"Ox\u00edmetro Finger Tip Ulaif Purple"},"content":{"rendered":"<p>Excelente calidad. Desde el case, la pantalla OLED, el panel acr\u00edlico, los chips de alta velocidad, el silicone antideslizante del interior, adoptan materiales y componentes de calidad sobresaliente.<\/p>\n<p>Este ox\u00edmetro se acompa\u00f1a de la funci\u00f3n de ALARMA para advertir cuando la saturaci\u00f3n de ox\u00edgeno y la frecuencia de pulso sobrepasan los l\u00edmites normales. Adem\u00e1s su pantalla se apaga autom\u00e1ticamente luego de 6-8 segundos de inactividad para ahorrar as\u00ed la energ\u00eda de tus pilas.<\/p>\n<p>La pantalla OLED sobresale por su doble color, su buen brillo y tama\u00f1o.<\/p>\n<p>Inlcuye: Ox\u00edmetro purple, bolsa (estuche), lanyard y bater\u00edas.<\/p>\n","protected":false},"excerpt":{"rendered":"<p>Ox\u00edmetro sobresaliente en calidad.<\/p>\n","protected":false},"featured_media":859,"template":"","meta":{"_joinchat":[],"jetpack_publicize_message":"Ox\u00edmetro Finger Tip Ulaif Purple","jetpack_publicize_feature_enabled":true,"jetpack_social_post_already_shared":true,"jetpack_social_options":{"image_generator_settings":{"template":"highway","enabled":false}}},"product_cat":[177,116],"product_tag":[154,117,119,204,118,205],"jetpack_publicize_connections":[],"jetpack_sharing_enabled":true,"_links":{"self":[{"href":"https:\/\/medicinasupplies.com\/index.php\/wp-json\/wp\/v3\/product\/858"}],"collection":[{"href":"https:\/\/medicinasupplies.com\/index.php\/wp-json\/wp\/v3\/product"}],"about":[{"href":"https:\/\/medicinasupplies.com\/index.php\/wp-json\/wp\/v2\/types\/product"}],"wp:featuredmedia":[{"embeddable":true,"href":"https:\/\/medicinasupplies.com\/index.php\/wp-json\/wp\/v2\/media\/859"}],"wp:attachment":[{"href":"https:\/\/medicinasupplies.com\/index.php\/wp-json\/wp\/v2\/media?parent=858"}],"wp:term":[{"taxonomy":"product_cat","embeddable":true,"href":"https:\/\/medicinasupplies.com\/index.php\/wp-json\/wp\/v2\/product_cat?post=858"},{"taxonomy":"product_tag","embeddable":true,"href":"https:\/\/medicinasupplies.com\/index.php\/wp-json\/wp\/v2\/product_tag?post=858"}],"curies":[{"name":"wp","href":"https:\/\/api.w.org\/{rel}","templated":true}]}}