{"id":551,"date":"2020-07-01T20:57:30","date_gmt":"2020-07-02T02:57:30","guid":{"rendered":"http:\/\/medicinasupplies.com\/?post_type=product&#038;p=551"},"modified":"2024-02-11T14:48:32","modified_gmt":"2024-02-11T20:48:32","slug":"esfigmomanometro-digital-automatico-de-muneca-medline","status":"publish","type":"product","link":"https:\/\/medicinasupplies.com\/index.php\/producto\/esfigmomanometro-digital-automatico-de-muneca-medline\/","title":{"rendered":"Esfigmoman\u00f3metro Digital Autom\u00e1tico de mu\u00f1eca Medline"},"content":{"rendered":"<p>Monitor de la presi\u00f3n arterial de mu\u00f1eca proporciona lecturas digitales r\u00e1pidas de la presi\u00f3n sist\u00f3lica y diast\u00f3lica y la frecuencia del pulso.<\/p>\n<p><strong>Caracter\u00edsticas:<\/strong><\/p>\n<ul>\n<li>Fabricante y Marca: Medline<\/li>\n<li>Peso: 3.2 onzas<\/li>\n<li>Pantalla LED<\/li>\n<li>Guarda hasta 60 datos con hora y fecha<\/li>\n<li><span class=\"a-list-item\">El manguito de presi\u00f3n arterial se infla y desinfla autom\u00e1ticamente.<\/span><\/li>\n<li>Apagado autom\u00e1tico<\/li>\n<li>Incluye\u00a0 2 bater\u00edas AAA<\/li>\n<\/ul>\n<p>&nbsp;<\/p>\n","protected":false},"excerpt":{"rendered":"<p>Genial monitor de la presi\u00f3n arterial.<\/p>\n","protected":false},"featured_media":976,"template":"","meta":{"_joinchat":[],"jetpack_publicize_message":"","jetpack_publicize_feature_enabled":true,"jetpack_social_post_already_shared":false,"jetpack_social_options":{"image_generator_settings":{"template":"highway","enabled":false}}},"product_cat":[177,48,345,346],"product_tag":[123,120,50,125,121,126,122,124],"jetpack_publicize_connections":[],"jetpack_sharing_enabled":true,"_links":{"self":[{"href":"https:\/\/medicinasupplies.com\/index.php\/wp-json\/wp\/v3\/product\/551"}],"collection":[{"href":"https:\/\/medicinasupplies.com\/index.php\/wp-json\/wp\/v3\/product"}],"about":[{"href":"https:\/\/medicinasupplies.com\/index.php\/wp-json\/wp\/v2\/types\/product"}],"wp:featuredmedia":[{"embeddable":true,"href":"https:\/\/medicinasupplies.com\/index.php\/wp-json\/wp\/v2\/media\/976"}],"wp:attachment":[{"href":"https:\/\/medicinasupplies.com\/index.php\/wp-json\/wp\/v2\/media?parent=551"}],"wp:term":[{"taxonomy":"product_cat","embeddable":true,"href":"https:\/\/medicinasupplies.com\/index.php\/wp-json\/wp\/v2\/product_cat?post=551"},{"taxonomy":"product_tag","embeddable":true,"href":"https:\/\/medicinasupplies.com\/index.php\/wp-json\/wp\/v2\/product_tag?post=551"}],"curies":[{"name":"wp","href":"https:\/\/api.w.org\/{rel}","templated":true}]}}