{"id":1837,"date":"2022-11-19T22:22:01","date_gmt":"2022-11-20T04:22:01","guid":{"rendered":"https:\/\/medicinasupplies.com\/?post_type=product&#038;p=1837"},"modified":"2024-02-11T12:50:25","modified_gmt":"2024-02-11T18:50:25","slug":"estuche-medico-top-protection","status":"publish","type":"product","link":"https:\/\/medicinasupplies.com\/index.php\/producto\/estuche-medico-top-protection\/","title":{"rendered":"Estuche M\u00e9dico Top Protection"},"content":{"rendered":"<p>Estuche de dise\u00f1o ergon\u00f3mico. Con base indurada para la protecci\u00f3n adecuada de tu estetoscopio.<\/p>\n<p>Trae un dep\u00f3sito cubierto por malla para portar tus herramientas diagn\u00f3sticas.<\/p>\n<p>Ancho y delgado para que cuentes con el espacio necesario para tu equipo m\u00e9dico y a la vez que sea f\u00e1cil de portar.<\/p>\n<p>Disponible en color negro.<\/p>\n","protected":false},"excerpt":{"rendered":"<p>Estuche r\u00edgido con dise\u00f1o exclusivo.<\/p>\n","protected":false},"featured_media":1841,"template":"","meta":{"_joinchat":[],"jetpack_publicize_message":"","jetpack_publicize_feature_enabled":true,"jetpack_social_post_already_shared":true,"jetpack_social_options":{"image_generator_settings":{"template":"highway","enabled":false}}},"product_cat":[60],"product_tag":[38,61],"jetpack_publicize_connections":[],"jetpack_sharing_enabled":true,"_links":{"self":[{"href":"https:\/\/medicinasupplies.com\/index.php\/wp-json\/wp\/v3\/product\/1837"}],"collection":[{"href":"https:\/\/medicinasupplies.com\/index.php\/wp-json\/wp\/v3\/product"}],"about":[{"href":"https:\/\/medicinasupplies.com\/index.php\/wp-json\/wp\/v2\/types\/product"}],"wp:featuredmedia":[{"embeddable":true,"href":"https:\/\/medicinasupplies.com\/index.php\/wp-json\/wp\/v2\/media\/1841"}],"wp:attachment":[{"href":"https:\/\/medicinasupplies.com\/index.php\/wp-json\/wp\/v2\/media?parent=1837"}],"wp:term":[{"taxonomy":"product_cat","embeddable":true,"href":"https:\/\/medicinasupplies.com\/index.php\/wp-json\/wp\/v2\/product_cat?post=1837"},{"taxonomy":"product_tag","embeddable":true,"href":"https:\/\/medicinasupplies.com\/index.php\/wp-json\/wp\/v2\/product_tag?post=1837"}],"curies":[{"name":"wp","href":"https:\/\/api.w.org\/{rel}","templated":true}]}}