{"id":1832,"date":"2022-11-19T21:46:50","date_gmt":"2022-11-20T03:46:50","guid":{"rendered":"https:\/\/medicinasupplies.com\/?post_type=product&#038;p=1832"},"modified":"2024-02-11T15:05:46","modified_gmt":"2024-02-11T21:05:46","slug":"estetoscopio-dual-premium-economico","status":"publish","type":"product","link":"https:\/\/medicinasupplies.com\/index.php\/producto\/estetoscopio-dual-premium-economico\/","title":{"rendered":"Estetoscopio Dual Premium Econ\u00f3mico"},"content":{"rendered":"<p>Ideal para diagn\u00f3sticos: este estetoscopio elimina la necesidad de diferentes estetoscopios para beb\u00e9s, ni\u00f1os y adultos.<br \/>\nEl tambor s\u00f3lido tiene dos diafragmas intercambiables.<\/p>\n<p>Doble cabeza: permite su uso en pacientes de todas las edades.<\/p>\n<p>Los tubos son flexibles y se ajustan para mayor comodidad. <\/p>\n<p>Dise\u00f1o anat\u00f3mico: los auriculares est\u00e1n hechos para que coincida con el \u00e1ngulo del canal auditivo para un ajuste superior que permite un mejor rendimiento.<\/p>\n<p>Disponibles en color negro.<\/p>\n","protected":false},"excerpt":{"rendered":"<p>Fabuloso Littmann Classic III de 3M Littmann.<\/p>\n","protected":false},"featured_media":1833,"template":"","meta":{"_joinchat":[],"jetpack_publicize_message":"Estetoscopio Littmann Classic III Fucsia","jetpack_publicize_feature_enabled":true,"jetpack_social_post_already_shared":true,"jetpack_social_options":{"image_generator_settings":{"template":"highway","enabled":false}}},"product_cat":[177,36],"product_tag":[41,43,38,40],"jetpack_publicize_connections":[],"jetpack_sharing_enabled":true,"_links":{"self":[{"href":"https:\/\/medicinasupplies.com\/index.php\/wp-json\/wp\/v3\/product\/1832"}],"collection":[{"href":"https:\/\/medicinasupplies.com\/index.php\/wp-json\/wp\/v3\/product"}],"about":[{"href":"https:\/\/medicinasupplies.com\/index.php\/wp-json\/wp\/v2\/types\/product"}],"wp:featuredmedia":[{"embeddable":true,"href":"https:\/\/medicinasupplies.com\/index.php\/wp-json\/wp\/v2\/media\/1833"}],"wp:attachment":[{"href":"https:\/\/medicinasupplies.com\/index.php\/wp-json\/wp\/v2\/media?parent=1832"}],"wp:term":[{"taxonomy":"product_cat","embeddable":true,"href":"https:\/\/medicinasupplies.com\/index.php\/wp-json\/wp\/v2\/product_cat?post=1832"},{"taxonomy":"product_tag","embeddable":true,"href":"https:\/\/medicinasupplies.com\/index.php\/wp-json\/wp\/v2\/product_tag?post=1832"}],"curies":[{"name":"wp","href":"https:\/\/api.w.org\/{rel}","templated":true}]}}